2, 7
Suppose n = -3 + 11. Suppose -i = 4*q - 23 - n, i - 10 = 3*q. What are the prime factors of i?
19
Suppose -a = -36 - 0. What are the prime factors of a?
2, 3
What are the prime factors of (-1 - (-1225)/10) + 6/(-4)?
2, 3, 5
Let b = -11 - -11. Suppose b = -0*l + 4*l + 16, 4*z - 124 = -l. What are the prime factors of z?
2
Suppose -4*i = i - 305. What are the prime factors of i?
61
Suppose -d - 4*s - 28 = -115, 2*d = 3*s + 174. What are the prime factors of d?
3, 29
What are the prime factors of ((-72)/90)/(1 - 7/5)?
2
Suppose -2*z = -3*h, 3*h - 2 - 4 = 0. Suppose -56 + 17 = -z*n. List the prime factors of n.
13
Let q be -16 - (-4 + 3) - 3. What are the prime factors of q/4*32/(-72)?
2
Let j be 2/(12/3)*-14. Let k = j - -14. Suppose -2*s - 40 = -k*v + 4*v, -3*v = 2*s - 20. List the prime factors of v.
2, 5
Suppose -2*u = 3*u - 15. Suppose 0*n = n - u. Suppose -n*x = -6*x + 18. What are the prime factors of x?
2, 3
Let c = -86 + 149. What are the prime factors of c?
3, 7
Let d(i) be the third derivative of -i**4/6 - i**3/6 - 2*i**2. Suppose -n = -3*x - 9, -4*n = 4*x + 15 + 13. List the prime factors of d(n).
11
Suppose 0 = -2*k + 8 - 34. What are the prime factors of (5 + -3)*(-2 - k)?
2, 11
Suppose 3 + 46 = a. List the prime factors of a.
7
Let t(a) = a**3 + 8*a**2 - 3*a - 10. Suppose -f - 6 - 2 = 0. List the prime factors of t(f).
2, 7
Let l(x) = -21*x - 3. What are the prime factors of l(-12)?
3, 83
Suppose 4*g + l - 551 = 0, -2*g - l = 4*l - 271. List the prime factors of g.
2, 3, 23
Suppose 2*f - 24 = -5*u + 77, 2*f = 3*u - 67. List the prime factors of u.
3, 7
Suppose -4*s + 4*o = -3 + 11, 5*o - 20 = 0. Suppose 0 = -q - s, 3*t + 4*q = 76. Suppose -4*a + 36 = -t. What are the prime factors of a?
2
Let t = 27 - -25. List the prime factors of t.
2, 13
Let x(m) = 3*m - 7. Let v be x(7). Let z = v - 3. What are the prime factors of z?
11
Suppose 38 = -5*s + 2*l, 6 = -2*s - 3*l - 13. Let f = s - -19. What are the prime factors of f?
11
Suppose -392 = -5*l + 2*d - 92, -3*d = 0. List the prime factors of l.
2, 3, 5
Let p(n) = -n**2 - 5*n - 10. Suppose 3*c + 2*c + 35 = 0. Let h be p(c). Let t = h + 35. List the prime factors of t.
11
Suppose -d = -5*n - 4*d + 458, -4*d + 459 = 5*n. List the prime factors of n.
7, 13
Let d = 66 + -29. List the prime factors of d.
37
What are the prime factors of ((-32)/(-4))/(-4) + 71?
3, 23
Let y be 3/(-3) + (-1 - -3). Let p(t) = t**3 - t**2. Let z(h) = -7*h**3 + h**2 - 5*h + 2. Let s(v) = y*z(v) + 6*p(v). What are the prime factors of s(-4)?
2, 3
Let z(v) = -24*v - 36. What are the prime factors of z(-10)?
2, 3, 17
Let o be 9/3 + 1*-53. Let d(n) = -n - 3. Let z be d(-5). What are the prime factors of (2/(-5))/(z/o)?
2, 5
Suppose 3*d + 16 = 2*f, -d - 22 = 2*d - 5*f. What are the prime factors of (4/d)/(1/(-24))?
2, 3
Let q(i) = i**2 - 6*i - 6. List the prime factors of q(9).
3, 7
Suppose -5*a + 130 = -80. List the prime factors of a.
2, 3, 7
Let r be (-3)/((-5)/(-2) + -1). Let a = r + 14. Suppose 2*k - a = -k. What are the prime factors of k?
2
Suppose 3*j = 2*j. Let s = j - -4. List the prime factors of s.
2
Suppose -4*y - 42 = -6*y. List the prime factors of y.
3, 7
Let y(c) = -c**3 + 7*c**2 + 8*c + 9. Let u = 7 + -4. Suppose 0*x = u*x - 24. What are the prime factors of y(x)?
3
Let b(f) be the first derivative of -f**6/360 + f**5/15 - f**4/3 + f**3 - 2. Let w(y) be the third derivative of b(y). What are the prime factors of w(6)?
2
Suppose 0*m = -4*m + 20. Suppose -5*l = -m*d - 20, -l + d = -d - 6. Let w(t) = 3*t**2 - 2*t + 2. What are the prime factors of w(l)?
2, 5
Let m(u) = 3*u**3 - 3*u**2 + u - 6. What are the prime factors of m(3)?
3, 17
Let a(r) = -2*r + 8. Let i be a(-9). List the prime factors of (-1)/(-3 + i/9).
3
Let l = -39 + 57. Suppose i = -i + l. What are the prime factors of i?
3
Let s(y) = -5*y**3 + 5*y**2 + y - 10. Let v(w) = -4*w**3 + 5*w**2 + w - 9. Let n(m) = 5*s(m) - 6*v(m). What are the prime factors of n(-5)?
3
Suppose 0 = -5*j + 4*x + x + 140, 0 = -3*j - 2*x + 104. List the prime factors of j.
2
Suppose 0 = -27*p + 30*p - 1236. List the prime factors of p.
2, 103
Suppose -2*o = 2*o + 8, 4*o = -4*z + 4. Let d be ((-1)/z)/1*-6. Suppose d*j = 14 + 4. List the prime factors of j.
3
Suppose 463 = 3*f + 2*l, 2*f + f = -l + 467. List the prime factors of f.
157
What are the prime factors of (-28 + 2)*-3 - (3 - -1)?
2, 37
List the prime factors of -25*(20/8*-4)/2.
5
Let k = -5 + 8. Suppose -k*f - 3*c = -5*f + 4, -4*c = -4*f + 12. Suppose -5*l - 3*q + 70 = -q, -f*l - q + 75 = 0. What are the prime factors of l?
2
Let p(j) = -j**2 + 24*j - 15. What are the prime factors of p(17)?
2, 13
Suppose 34 = 3*p - 2*q, -2*p + 3*q = p - 33. What are the prime factors of p?
2, 3
Let z(w) = 37*w + 39. List the prime factors of z(5).
2, 7
Let q(k) = -3*k + 1. Suppose -2*t + 9 = 1. Let i = -6 + t. What are the prime factors of q(i)?
7
Let y = 0 + 3. Let n(o) = -o**3 + 5*o**2 - o - 4. What are the prime factors of n(y)?
11
Suppose -n + 6*n - 320 = 0. List the prime factors of n.
2
Let o(s) be the first derivative of 13*s**3/3 + 1. Let z be o(1). Let h = z - 9. What are the prime factors of h?
2
Suppose 64 = 13*y - 9*y. List the prime factors of y.
2
Suppose 0 = -3*s - 9, 5*j + 4*s - 5*s - 23 = 0. Suppose 0 = -0*b + j*b - 24. What are the prime factors of b?
2, 3
Suppose 6*t = 4*t + 6. What are the prime factors of (-20)/t*(-105)/28?
5
Suppose 0 = j - 0*j - 4. Suppose 0 = -4*w + 6*w - j. What are the prime factors of (-2 - (w + 0))/(-2)?
2
What are the prime factors of (14 - 1)*20/10?
2, 13
Let z(n) = 6*n + 19. List the prime factors of z(5).
7
List the prime factors of (5 + (-15)/5)*29.
2, 29
Suppose 3*c = 163 - 37. Let f be (c/(-9))/((-2)/3). Let p = f - 0. What are the prime factors of p?
7
Suppose -5*g = 3*c - 55 - 52, -5*c + 3*g = -201. What are the prime factors of c?
3, 13
Suppose 3*l + 85 = 8*l. List the prime factors of l.
17
Suppose 0*k = 3*k - 45. Suppose 0 = a - 13 - k. List the prime factors of a.
2, 7
Let v(y) = 9*y - 12. Let d be v(5). Suppose 0 = 5*x - 22 - d. List the prime factors of x.
11
Suppose -8 = -3*u + 82. What are the prime factors of u?
2, 3, 5
Let n = 5 - 8. Let s = 17 + n. What are the prime factors of s?
2, 7
Suppose -4*l = 3*n - 164, l + 68 = n + 5*l. List the prime factors of n.
2, 3
Suppose -2*a - 2*z = a - 113, 4*z = -3*a + 109. Let w = -23 + a. Let f = w - 10. What are the prime factors of f?
2, 3
Let z(h) be the second derivative of -h**4/12 + 7*h**3/6 + 2*h**2 + 3*h. List the prime factors of z(5).
2, 7
Let a(g) = g**2 - 5. Let o(c) = -1. Let z(y) = a(y) + 2*o(y). What are the prime factors of z(5)?
2, 3
Let i be (300/45)/((-1)/(-3)). Let b = i - 11. List the prime factors of b.
3
Suppose 3*g - 5*f - 212 = -0*g, -g + 3*f = -76. Suppose 2*t + 2*s = s - 32, 5*s = -4*t - g. Let k = 34 + t. What are the prime factors of k?
2, 3
List the prime factors of (10/(-4))/(5/(-210)).
3, 5, 7
What are the prime factors of ((-4)/5)/(0 - 3/195)?
2, 13
Let f be (-300)/(-44) + (-2)/(-11). Let s(r) = -r**3 + 8*r**2 - 5*r - 10. What are the prime factors of s(f)?
2
List the prime factors of 2/4 - 629/(-2).
3, 5, 7
Suppose 5*a = v + 10, -v = 2*a - 0 - 4. Suppose j - 7*w - 42 = -a*w, 2*w = -5*j + 102. What are the prime factors of j/(2 + (0 - 0))?
11
Suppose -5*t - 3*w - 2*w + 50 = 0, 0 = w - 5. Let u = 0 + t. What are the prime factors of u/25 - 78/(-10)?
2
Let b(m) = -m - 3. Let x be b(-8). Suppose -9 = -3*q, -x*q = -w - 2 - 4. What are the prime factors of 2/(-6) + 129/w?
2, 7
Let w = 7 + -3. Suppose -2*q - 3*q + w*s = -21, 2*q = 3*s + 14. Let z = 4 + q. List the prime factors of z.
5
Let l = 7 - 2. Let r(u) = -3*u - 3 + u - 4*u**2 - 4 + u**3. List the prime factors of r(l).
2
Let m be (1 - 1)/(-1 + 0). Suppose 0 = -m*p - p + 5. Suppose -4*g + 63 = -3*w, p*g = -4*w + 24 + 16. List the prime factors of g.
2, 3
Let b(f) = f**3 - 4*f**2 - 6*f + 7. List the prime factors of b(7).
2, 7
Let q be (15/10)/(2/(-12)). Let f be 3/q + (-2)/(-6). Suppose -8*z + 3*z + 55 = f. What are the prime factors of z?
11
Let y(s) = 7*s**3 + 2*s**2 - 1. Let u be y(1). Suppose m = 2*g + 2, -2*g = 4*m - 0*g - u. Let l = 5 + m. List the prime factors of l.
7
List the prime factors of 1/(-2)*(-8 + -162).
5, 17
Suppo